= -1088*p + 199. Let g be n(-1). Calculate the highest common factor of g and 351.
117
Suppose -7*s - 35 = 91. Let n be (s/10)/((-21)/70). Let h = 131 - 122. What is the highest common factor of n and h?
3
Let q(f) = f**2 + 32*f + 169. Let a be q(-6). What is the highest common factor of a and 2171?
13
Let p(q) be the third derivative of 0 + 0*q - 17/3*q**3 - 6*q**2 - 1/60*q**5 - 23/24*q**4. Let l be p(-16). Calculate the highest common divisor of 26 and l.
26
Suppose 5*u - 16 = u. Suppose u*c - 6 = m - 0*m, -6 = -3*m. Let z = 60217 + -60212. What is the highest common divisor of z and c?
1
Suppose 770 - 970 = -5*k - 5*m, -k - 4*m = -16. Calculate the greatest common factor of k and 390.
6
Let h(c) = -432*c + 252. Let k be h(-7). Calculate the greatest common factor of 12 and k.
12
Let d(g) = 96*g + 648. Let k be d(-4). Calculate the greatest common factor of k and 825.
33
Suppose -4*z = 25*s - 22*s - 2271, -2*z + 1149 = 3*s. Let b be -1 + (0 - -68) - 1. Calculate the highest common divisor of b and z.
33
Let m = -98 - -187. Let z(n) = 2*n**3 - 51*n**2 - 13*n + 18. Let j be z(26). Calculate the greatest common divisor of j and m.
89
Let k(f) = -f + 36. Let z be k(-6). Let a = -245 - -263. What is the greatest common divisor of z and a?
6
Let m be (-6)/21 + (-25)/(-35) - (-129903)/301. What is the greatest common factor of m and 648?
216
Let p = -3 - -26. Let j(v) = 21*v - 62. Let d be j(15). Calculate the highest common factor of d and p.
23
Let k(l) = -l**3 + 5*l**2 - 7*l + 17. Let q be k(4). Suppose 3*c + 15 = s + 245, -q*c + 4*s = -381. Calculate the highest common factor of c and 11.
11
Suppose 60 = 2*l + 2*l. Suppose 4*p = 4*b - 28, 8*b = 7*b - 5*p - 17. Calculate the highest common divisor of b and l.
3
Suppose 0 = -11*k - 6*k + 4080. Let m = -198 + k. Calculate the highest common factor of m and 6.
6
Suppose -1482 = 141*d - 160*d. Calculate the greatest common divisor of d and 60.
6
Suppose -87267*k = -87304*k + 2473 + 1782. Suppose 5 = -0*s + s. Calculate the highest common factor of s and k.
5
Let b = 7 - -29. Let c = -5854 - -5938. Calculate the greatest common factor of b and c.
12
Let i(a) = -5*a**2 - 38*a - 7. Let n be (42 - (3 + 1))/((-8)/(-12)). Let p = 50 - n. Let g be i(p). What is the greatest common factor of g and 98?
14
Let w be 1573/9 + 2/9. Suppose -361 = 3*a - 3679. Suppose 24*f - a = 574. Calculate the greatest common divisor of f and w.
35
Let l be 35/((18/10 - 2)/(-1)). Suppose -12*z - 230 = 610. Let i = -35 - z. What is the highest common divisor of l and i?
35
Let j(z) = z**3 + 22*z**2 - 230*z - 4932. Let u be j(-20). Calculate the highest common divisor of u and 2496.
156
Let h = -10750 - -11002. What is the highest common divisor of h and 63?
63
Let n = 20 - 18. Suppose 3*g + 8 = -n*b + 17, 4*g = -3*b + 12. Suppose h = 2*w - 14, 3*h = -w - g*w + 48. Calculate the greatest common divisor of w and 81.
9
Suppose -5*x - 344 = -7*j + 3*j, 3*j - 258 = -4*x. Suppose -114 = -5*f + j. Let b be (f/(-3))/(1/(-3)). Calculate the greatest common factor of 100 and b.
20
Let q = 15293 + -15284. What is the greatest common factor of 1143 and q?
9
Let s(r) = -2*r + 7. Let d = -26 + 28. Let f be s(d). Let j be (67/f + -1)*(3 + 0). Calculate the highest common divisor of 8 and j.
8
Let t be (9 + 1)*(3 - 4)*1. Let r(n) = 3*n**2 + 31*n + 15. Let u be r(t). What is the highest common factor of u and 275?
5
Suppose 93*s - 103*s = -30. Let v be (6/4)/(2/116). Calculate the greatest common factor of v and s.
3
Suppose 2*l - 31 = 41. Let f = -39 - 131. Let s = f + 422. What is the greatest common divisor of l and s?
36
Suppose 4*y - 4*z - 16 = 0, -3*y + 2*z = 7*z - 20. Suppose -y*b + 2*b = 2*j - 155, -3*j + 226 = -2*b. Calculate the greatest common divisor of 19 and j.
19
Let w = -19338 - -19965. Calculate the highest common factor of w and 1539.
57
Let o be -6*((-21)/5)/((-2)/(-5)). Suppose -343 = -5*f - o. What is the greatest common factor of 70 and f?
14
Let s be 2/(-6)*0*1. Suppose s = -2*t + 6, 0*x = -x - 4*t + 134. Suppose -3*v + x = 5. What is the highest common divisor of v and 3?
3
Let h = -102 + 26. Let i = h + 139. What is the highest common factor of 7 and i?
7
Suppose 1026 = 3*q + 306. Let g(m) = m**3 + 8*m**2 - 3*m - 10. Let k be g(-7). Calculate the greatest common factor of k and q.
60
Let j(a) = 11*a**2 + 1. Let n be j(1). Let s = -4447 - -4453. What is the greatest common divisor of s and n?
6
Let i(r) = r - 15. Let f be i(17). Suppose h = -4*o + 143, f*o + 3*h - 50 = 19. Let u be (9/4)/(9/o). What is the greatest common divisor of 36 and u?
9
Suppose -q - 5*z + 5 = 0, 4*z + 20 + 0 = 4*q. Suppose -28 = -s - 5*v, -5*v + 4 = -q*s + 114. Calculate the highest common divisor of s and 115.
23
Let d be 1 + 4*4/16. Suppose 5*v = 4*o - 205, 15*o - d*v - 235 = 10*o. Calculate the highest common divisor of o and 20.
5
Let b be ((-2)/6)/(14 + 39500/(-2820)). What is the highest common factor of b and 8977?
47
Let w(f) be the second derivative of f**3/2 + 19*f**2/2 + 18*f. Let a be w(6). Let n be (0 + 0 - 1) + a. Calculate the highest common factor of 12 and n.
12
Let s be (-56)/154 + (-26756)/(-11). Calculate the highest common factor of 128 and s.
128
Suppose 0 = -10*a + 14*a + 32. Let h(p) = -p**3 - 8*p**2 - p - 9. Let x be h(a). Let n be -4*26*x/1. Calculate the greatest common divisor of 13 and n.
13
Let c(q) = 369*q**3 - 205*q**3 - 9*q - 197*q**3 + q**2 - 14 + 0*q**2. Let g be c(-3). Calculate the highest common factor of 11 and g.
11
Let n be 102*((-39)/(-42) + -9 + 960/112). Calculate the greatest common divisor of 4097 and n.
17
Let c(l) = -17*l + 139. Let v(t) = 23*t - 108. Let s be v(5). Let y be c(s). Suppose 0 = -4*j + 658 + 142. What is the greatest common factor of j and y?
20
Suppose -3 = -23*m + 24*m. Let j be (72/28)/(m/14 - 0). Let r(b) = b + 23. Let t be r(j). Calculate the greatest common factor of 44 and t.
11
Let i(j) = 42*j**2 - 4*j**2 + 5 + 4*j + 4*j - 3*j. Suppose 2 = -4*z + 2*m, 5*z + 3*m = -12 - 7. Let a be i(z). Calculate the greatest common factor of 21 and a.
21
Suppose -1578 = -4*m + 2*a + 3*a, 3*m = -2*a + 1172. Suppose -3694*g = h - 3689*g + 16, 0 = 4*g + 24. What is the greatest common factor of h and m?
14
Let f = -1461 + 1497. Let r(i) = 3*i**2 + i + 2. Let z be r(4). What is the highest common divisor of z and f?
18
Suppose -85 = 52*u - 33. Let p be (-7 + 101)*2 + (u - 0). What is the greatest common factor of 85 and p?
17
Let p(d) = d**2 - 23*d - 343. Let r be p(-14). Calculate the highest common factor of 735 and r.
35
Let d = 1846 - 1838. Suppose -3*q = 3*q - 2064. What is the highest common factor of d and q?
8
Let f = -109 + 196. Let x = 108 - f. Suppose 0*k = 2*k - 294. What is the greatest common factor of k and x?
21
Suppose 2*h = -6, -3*h - 2*h - 35 = 2*x. Let c(y) = y**2 + 11*y + 15. Let n be c(x). Suppose n*i - 175 = -0*i. Calculate the highest common divisor of i and 14.
7
Let b(h) = -2*h**2 - 10*h - 6. Let g be b(-2). Let m be (2*52)/((-58)/g - -10). Calculate the greatest common divisor of m and 24.
24
Let b(l) = -l**3 + 46*l**2 - 55*l + 48. Let f be b(20). Calculate the greatest common divisor of f and 82.
82
Let k = 3 + 0. Suppose -36*t = -16*t - 3620. Let g = -160 + t. Calculate the greatest common factor of g and k.
3
Let m be 4 + (2 + -548)/(-6). Let n = -80 + m. Calculate the greatest common divisor of n and 45.
15
Let a = 12098 - 11258. What is the highest common divisor of 105 and a?
105
Suppose 2*z - 19 = 85. Let v(k) = -24*k - 68. Let c be v(-5). What is the highest common divisor of c and z?
52
Suppose -4*a - 12 = -0*a. Let k be 0 - a/(3/8). Let g = -159 - -171. Calculate the highest common divisor of k and g.
4
Let u(v) = 108*v**3 + 6*v**2 - 48*v + 42. Let x be u(1). Calculate the highest common divisor of x and 2292.
12
Let u = -190 - -220. What is the highest common factor of 690 and u?
30
Suppose 4*x + 6 = 14. Suppose 0 = u - 5*i - 40, -3*u - 2*u = 3*i - 88. Suppose 3*b - 5*b + u = 0. Calculate the highest common factor of x and b.
2
Let v be ((-481)/13 + 7987)*5/(15/2). What is the highest common divisor of 1200 and v?
100
Suppose -277*y - 20 = -273*y, 2*m - y = 3929. Calculate the greatest common divisor of m and 45.
9
Let t(j) = -25*j - 1. Let n be t(-5). Le